 c be r(-10). Let a be (-69)/c - (12/(-9) + 1). Suppose 0 = -10*n + a*n + 306. What is the hundreds digit of n?
1
Suppose 0 = 4*m - 4*s - 6156, 66*m - 5*s + 6219 = 70*m. What is the units digit of m?
6
Let v(j) = -2*j**2 - 63*j + 33. Let k be v(-32). What is the units digit of -229*((-5)/15)/(k/3)?
9
Suppose -16*z = -13*z - 9, 0 = -5*y + 4*z + 122923. Suppose 48*r - y = 28693. What is the tens digit of r?
1
What is the thousands digit of ((-25431)/12)/(24/132 + (-57)/132)?
8
Suppose -x = -2*n + 146 + 3704, 0 = 5*n + 4*x - 9612. Suppose n = 6*y - 254. What is the tens digit of y?
6
Let v = -274 + 278. Suppose -6*l + 1692 = -0*l. Suppose -g + l = 3*n, -v*n + g = 4*g - 376. What is the units digit of n?
4
Let v = 3 + -5. Let s be (2/(-6))/(v/12). Suppose -s*i = -4*a - 174, i + 0*a = -2*a + 83. What is the tens digit of i?
8
Let u(x) = -x**2 + 35*x - 71. Let k be u(25). Let l = k - -32. What is the units digit of l?
1
Suppose -5*f - 19205 = -4*d, 4*d + 3*f + 0*f = 19197. Suppose d = 7*q + q. What is the tens digit of q?
0
Suppose -19 = 3*h - 5*n, -4*h = -2*n + 4*n - 18. Suppose h = 3*l + 8. What is the hundreds digit of 4 + l/(-4) + (-1828)/(-8)?
2
Let m(y) = 4*y**2 - 3*y - 3*y + 3*y + 427 - 3*y**2. What is the hundreds digit of m(0)?
4
What is the ten thousands digit of -1 + 31693 - (-18 + (-12 - -39))?
3
Let k(i) = 0*i**3 + 14*i - i**3 + 64*i - 16*i**2 - 24. What is the units digit of k(-20)?
6
Let y(n) = -n**3 - 54*n**2 - 101*n - 2017. What is the hundreds digit of y(-61)?
1
Let r = -6849 + 13308. What is the hundreds digit of r?
4
Let p = 980 - -9161. What is the hundreds digit of p?
1
Suppose -2*m + 5*w = -103915, 0 = 5*m - 7*w + 10*w - 259772. What is the units digit of m?
5
Suppose 3*l = 3*y + 7*l - 50482, 0 = -2*y + l + 33662. What is the hundreds digit of y?
8
Suppose 0 = -151*t + 377748 + 286501. What is the hundreds digit of t?
3
Suppose -3*y + 549 = 6*y. Let i = y - 69. What is the tens digit of 4/i - 202/(-4)*1?
5
Let v = 136 - 129. Suppose 0 = 2*p - 6, 0*p = -2*r + p + v. What is the units digit of (-1472)/40*r/(-2)?
2
Let l be (113 + -2 + 0)/(18/12). Suppose 77*o = l*o + 321. What is the tens digit of o?
0
Let l = 83 - 81. Suppose 18 = 2*c - c - l*p, 3*c = -3*p + 27. Let m = 171 - c. What is the tens digit of m?
5
Let b be (36 - (-6 + 3))/((-5)/(-5)). Suppose 47*x - b*x - 832 = 0. What is the units digit of x?
4
Let h(q) = -60*q**3 + 56*q**2 - 6*q - 82. Let g(l) = -12*l**3 + 11*l**2 - l - 16. Let x(j) = -11*g(j) + 2*h(j). What is the units digit of x(4)?
2
Suppose -24*f + 65 = -29*f. Let s = 59 + f. Suppose 882 = -s*v + 52*v. What is the hundreds digit of v?
1
Suppose -3*u - 9*j = -8*j - 16, -3*u = -j - 20. What is the units digit of 4/(u*6/3798)?
2
Let y = -2432 + 4522. What is the hundreds digit of y?
0
Suppose -z + n - 27 = 3*n, -5*z - 3*n = 128. Let w be (18/(-1))/(2*5/z). What is the hundreds digit of (-551)/(-5) + 36/w?
1
Let a be 83/5*4/((-20)/(-25)). Suppose -7*v = a - 3373. What is the tens digit of v?
7
Suppose -4*p + 1049 + 25310 = -5*o, 0 = -5*p + o + 32975. What is the thousands digit of p?
6
What is the tens digit of ((-114257)/(-39)*(-7 + -2))/((-6)/4)?
7
Let y be (-434)/(-8) + 1/(-4). Suppose y = -f + 7*f. Suppose -86 = -3*s - 4*m - f, -5*m = 4*s - 102. What is the units digit of s?
3
Suppose 6*a = -15 + 39. Suppose a*z = 21*z - 1003. What is the units digit of z?
9
Let k be 5542/10 + (-20)/100. Suppose -k = -2*p - 0*l + 5*l, 3*l = -p + 299. What is the tens digit of p?
8
Suppose -8*t + 1514 = -6518. What is the thousands digit of t?
1
Let p be (-14)/(-8)*2*1*-142. Let m = p + 740. What is the hundreds digit of m?
2
Suppose -4*y - 911 = -2*o - 5*y, 2*o + 3*y = 909. What is the units digit of (-3 - (-30)/8)*o?
2
Let h be 6/(-39) - 11860/(-26). Let y = -37 - -38. What is the tens digit of (h/16)/(y/2)?
5
Let k = 41 - 34. Suppose -5*a + 31 = 4*f, -5*a - f + k = -4*a. Suppose -3*h + 3*y + 423 = 0, a*h + 609 = 7*h + 5*y. What is the tens digit of h?
4
Let t(a) be the second derivative of a**5/10 - a**3/2 + 750*a**2 - 249*a. What is the hundreds digit of t(0)?
5
Let a(j) = -j**2 + 4*j + 7. Let f be a(6). Let x(c) = -9*c + 2 + 5 - 6 + 2*c - 5. What is the units digit of x(f)?
1
Let j(w) = 13*w - 6. Suppose -10 = -5*y + 20. Let f be j(y). Suppose 0 = -4*r - 5*a + 295, -r - a - 2*a + f = 0. What is the units digit of r?
5
Let w(r) = 283*r**2 - 45*r - 200. What is the hundreds digit of w(-5)?
1
Let s(t) be the third derivative of 79*t**5/60 - t**4/6 + t**3 - 69*t**2. What is the hundreds digit of s(-3)?
7
Suppose -12447162 = -56*l - 242*l. What is the tens digit of l?
6
Let j = -411 + 416. Suppose 0 = -5*f + j*r + 491 + 4044, -2*r - 2 = 0. What is the units digit of f?
6
Let d(u) = u**2 - 18*u + 13. Let s(p) = 2*p**2 - 2*p. Let l be s(3). Let t be d(l). Let x = t + 61. What is the units digit of x?
2
Let v = 24111 - 17808. What is the tens digit of v?
0
Let x = -2488 - -3849. Let r = x + 331. What is the hundreds digit of r?
6
Let t be (64/(-24) - -3) + 11702/(-6). What is the hundreds digit of (7/((-70)/36))/(10/t)?
7
Let z(r) = -3*r**2 + 55*r + 40. Let k be z(19). Suppose 2*s + c - 2619 + 933 = 0, 0 = -5*s + k*c + 4197. What is the hundreds digit of s?
8
Let d(t) = -88*t**2 + 2. Let l be d(1). Let j = l - -91. What is the tens digit of (2/j)/(3/15) - -31?
3
Suppose 374825 = 1782*t - 1773*t - 242719. What is the hundreds digit of t?
6
Let q(d) = 8*d**2 + 10*d - 67. Let j be q(6). Let r = j + -153. What is the tens digit of r?
2
What is the hundreds digit of 44087 + (140/(-5) - -8)?
0
Suppose -4*a + 144 + 76 = 0. Suppose 2*k = 0, 0 = -4*o - 2*k + 108 + 72. Let y = o + a. What is the tens digit of y?
0
Suppose 0*a + 2*a = -5*f + 53298, f = 2*a + 10650. What is the thousands digit of f?
0
Let l(t) = -2*t**3 + 2*t**2 + 3*t - 5. Suppose -2*i + 9 = -3*j, -5*i = -0*j + j + 20. Let k be l(i). Suppose -k = -2*b + 30. What is the tens digit of b?
4
What is the ten thousands digit of 2/(-26) + (321313800/325)/24?
4
Suppose 15*g - 260 = -11*g. What is the units digit of 3*(-58)/g*160/(-48)?
8
Let s = 39673 - -24685. What is the units digit of s?
8
What is the units digit of (-228)/(-24) + -9 - 7931/(-2)?
6
Suppose 0 = -66*o + 71*o - 10. Suppose -5*i + 3 = 2*a, 5*a + o*i = 6*i + 90. Suppose 19*d - 960 = a*d. What is the tens digit of d?
9
Let n(f) = -f**2 - 17*f - 65. Let c be n(-7). What is the units digit of -9*c/(-15) - -242?
5
Let i be (-91977)/(-27) + 36/81. Suppose 7*l + 327 = i. What is the units digit of l?
0
Suppose 36*i + 104592 - 265024 - 94952 = 0. What is the units digit of i?
4
Suppose 2*y = -11 + 21. Suppose -2*d + 4*d = -v + y, -2*d = 0. What is the units digit of (4116/(-105))/((-2)/v)?
8
Suppose 21*f - 19*f = 2. Let c be (-1)/2*0*f. Suppose 0 = 3*h + 3*x - 18, -h + c*h = 4*x - 15. What is the units digit of h?
3
Let y(w) = -6*w - 130. Let f be y(-23). Suppose -m = -f*k + 11*k - 1506, 0 = -2*k + 5*m + 1004. What is the tens digit of k?
0
Let z = -30 + 33. Suppose -x = -5*s + 908, 6 = z*x - 5*x. What is the units digit of s?
1
Let l = -887 - -431. What is the tens digit of 15304/14 - (l/(-56) - 8)?
9
Suppose 0 = -46*z + 41*z + 134*z - 2836194. What is the thousands digit of z?
1
Let m(x) = -12*x**2 - 25 - 61*x**3 + 29*x**3 + 33*x**3 + 11*x. What is the tens digit of m(13)?
8
Let i = 321 + 67. Suppose 5*v = -5*q - i + 3563, 2*q - 1282 = -5*v. What is the tens digit of q?
3
Let c be (-392)/(-14) - (-6)/2. Let t = -70 - -72. Suppose -236 + c = -t*l + 5*u, -3*l = 4*u - 250. What is the tens digit of l?
9
What is the ten thousands digit of 2/((-4*3)/2 - (-1244992)/207494)?
1
Suppose 0*g - 625 = -5*g. Let s = -82 + g. Suppose 0 = s*a - 47*a + 196. What is the tens digit of a?
4
Suppose -v + 4*v + 4*b = -372, 496 = -4*v - 4*b. Let f = v - -310. Let m = f + -111. What is the tens digit of m?
7
Let o = 106 - 101. Suppose -o*w = 4*n - 27 + 101, 6 = 3*w. Let j(p) = -2*p + 58. What is the hundreds digit of j(n)?
1
Suppose 15*c - 10011 - 11274 = 11775. What is the hundreds digit of c?
2
What is the tens digit of ((-516)/(-215))/(12/82770)?
5
Let b(l) = -l**3 + 11*l**2 + 6*l + 30. Let v be b(16). Let c = -403 - v. What is the units digit of c?
1
Suppose 3*l + 40602 = 57*b - 53*b, -3*b + 4*l + 30448 = 0. What is the ten thousands di